{"id":17,"date":"2024-04-16T20:29:15","date_gmt":"2024-04-16T18:29:15","guid":{"rendered":"http:\/\/192.168.10.153\/wordpress\/?page_id=17"},"modified":"2025-04-14T16:09:18","modified_gmt":"2025-04-14T14:09:18","slug":"nos-sorties-du-mois","status":"publish","type":"page","link":"https:\/\/rurart.tthunot.myds.me\/index.php\/nos-sorties-du-mois\/","title":{"rendered":"Nos sorties du mois"},"content":{"rendered":"\n<figure class=\"wp-block-gallery has-nested-images columns-default is-cropped wp-block-gallery-2 is-layout-flex wp-block-gallery-is-layout-flex\">\n<figure class=\"wp-block-image aligncenter size-full is-style-rounded wp-duotone-varpresetduotoneduotone-1-1\"><img fetchpriority=\"high\" decoding=\"async\" width=\"5184\" height=\"3456\" data-id=\"19\" src=\"https:\/\/rurart.tthunot.myds.me\/wp-content\/uploads\/2024\/04\/pexels-rahul-pandit-1652353-1.jpg\" alt=\"\" class=\"wp-image-19\"\/><\/figure>\n<\/figure>\n\n\n\n<p><\/p>\n\n\n\n<div class=\"wp-block-group alignwide has-base-2-background-color has-background is-layout-constrained wp-block-group-is-layout-constrained\">\n<p class=\"has-text-align-center has-text-color has-link-color wp-elements-b5bc774e4ee5a45012b968ea651f3f31\" style=\"color:#000000;font-size:1.4rem\">Chaque mois, nous vous proposons une nouvelle sortie dans des structures vari\u00e9es (th\u00e9\u00e2tre, op\u00e9ra, salle de concert, mus\u00e9e), ainsi que des ateliers de m\u00e9diation culturelle. Pour vous inscrire, vous devez \u00eatre adh\u00e9rent.e \u00e0 l&rsquo;association et habitant.e de la commune d&rsquo;Asni\u00e8res-l\u00e8s-Dijon.<\/p>\n<\/div>\n\n\n\n<h2 class=\"wp-block-heading has-x-large-font-size\">Prochaine sortie<\/h2>\n\n\n\n<p style=\"font-size:34px\">L&rsquo;impensable Festival &#8211; 4, 5 et 6 juillet 2025 | Asni\u00e8res-l\u00e8s-Dijon<\/p>\n\n\n\n<p><\/p>\n","protected":false},"excerpt":{"rendered":"<p>Chaque mois, nous vous proposons une nouvelle sortie dans des structures vari\u00e9es (th\u00e9\u00e2tre, op\u00e9ra, salle de concert, mus\u00e9e), ainsi que [&hellip;]<\/p>\n","protected":false},"author":1,"featured_media":0,"parent":0,"menu_order":0,"comment_status":"closed","ping_status":"closed","template":"","meta":{"site-sidebar-layout":"default","site-content-layout":"","ast-site-content-layout":"default","site-content-style":"default","site-sidebar-style":"default","ast-global-header-display":"","ast-banner-title-visibility":"","ast-main-header-display":"","ast-hfb-above-header-display":"","ast-hfb-below-header-display":"","ast-hfb-mobile-header-display":"","site-post-title":"","ast-breadcrumbs-content":"","ast-featured-img":"","footer-sml-layout":"","ast-disable-related-posts":"","theme-transparent-header-meta":"","adv-header-id-meta":"","stick-header-meta":"","header-above-stick-meta":"","header-main-stick-meta":"","header-below-stick-meta":"","astra-migrate-meta-layouts":"default","ast-page-background-enabled":"default","ast-page-background-meta":{"desktop":{"background-color":"var(--ast-global-color-5)","background-image":"","background-repeat":"repeat","background-position":"center center","background-size":"auto","background-attachment":"scroll","background-type":"","background-media":"","overlay-type":"","overlay-color":"","overlay-opacity":"","overlay-gradient":""},"tablet":{"background-color":"","background-image":"","background-repeat":"repeat","background-position":"center center","background-size":"auto","background-attachment":"scroll","background-type":"","background-media":"","overlay-type":"","overlay-color":"","overlay-opacity":"","overlay-gradient":""},"mobile":{"background-color":"","background-image":"","background-repeat":"repeat","background-position":"center center","background-size":"auto","background-attachment":"scroll","background-type":"","background-media":"","overlay-type":"","overlay-color":"","overlay-opacity":"","overlay-gradient":""}},"ast-content-background-meta":{"desktop":{"background-color":"var(--ast-global-color-4)","background-image":"","background-repeat":"repeat","background-position":"center center","background-size":"auto","background-attachment":"scroll","background-type":"","background-media":"","overlay-type":"","overlay-color":"","overlay-opacity":"","overlay-gradient":""},"tablet":{"background-color":"var(--ast-global-color-4)","background-image":"","background-repeat":"repeat","background-position":"center center","background-size":"auto","background-attachment":"scroll","background-type":"","background-media":"","overlay-type":"","overlay-color":"","overlay-opacity":"","overlay-gradient":""},"mobile":{"background-color":"var(--ast-global-color-4)","background-image":"","background-repeat":"repeat","background-position":"center center","background-size":"auto","background-attachment":"scroll","background-type":"","background-media":"","overlay-type":"","overlay-color":"","overlay-opacity":"","overlay-gradient":""}},"iawp_total_views":113,"footnotes":""},"class_list":["post-17","page","type-page","status-publish","hentry"],"_links":{"self":[{"href":"https:\/\/rurart.tthunot.myds.me\/index.php\/wp-json\/wp\/v2\/pages\/17","targetHints":{"allow":["GET"]}}],"collection":[{"href":"https:\/\/rurart.tthunot.myds.me\/index.php\/wp-json\/wp\/v2\/pages"}],"about":[{"href":"https:\/\/rurart.tthunot.myds.me\/index.php\/wp-json\/wp\/v2\/types\/page"}],"author":[{"embeddable":true,"href":"https:\/\/rurart.tthunot.myds.me\/index.php\/wp-json\/wp\/v2\/users\/1"}],"replies":[{"embeddable":true,"href":"https:\/\/rurart.tthunot.myds.me\/index.php\/wp-json\/wp\/v2\/comments?post=17"}],"version-history":[{"count":29,"href":"https:\/\/rurart.tthunot.myds.me\/index.php\/wp-json\/wp\/v2\/pages\/17\/revisions"}],"predecessor-version":[{"id":290,"href":"https:\/\/rurart.tthunot.myds.me\/index.php\/wp-json\/wp\/v2\/pages\/17\/revisions\/290"}],"wp:attachment":[{"href":"https:\/\/rurart.tthunot.myds.me\/index.php\/wp-json\/wp\/v2\/media?parent=17"}],"curies":[{"name":"wp","href":"https:\/\/api.w.org\/{rel}","templated":true}]}}